06?
-16060
In base 8, what is -440470 - 10?
-440500
In base 7, what is -243625322 - 0?
-243625322
In base 4, what is -22123331 + 0?
-22123331
In base 7, what is -115 + 53345?
53230
In base 9, what is 82681 - -3?
82684
In base 10, what is -66575 + -1?
-66576
In base 2, what is -110011011000 - 10101?
-110011101101
In base 16, what is -5 - 1ba5a?
-1ba5f
In base 5, what is -311220 - -140?
-311030
In base 15, what is -17d49 + -1?
-17d4a
In base 12, what is 2 + -14238?
-14236
In base 4, what is 320 + -30?
230
In base 9, what is 5 + 2632?
2637
In base 9, what is -2760 - 1102?
-3862
In base 5, what is -343132 + -131?
-343313
In base 10, what is 47199 + 1?
47200
In base 13, what is -2 + a5516?
a5514
In base 11, what is -960 - 2463?
-3313
In base 11, what is -2 + 13264?
13262
In base 7, what is 2 + -211133?
-211131
In base 14, what is 2977 - -b?
2984
In base 3, what is 120 + -1120211012?
-1120210122
In base 12, what is -3350 + -1a?
-336a
In base 11, what is 141 + -220?
-8a
In base 7, what is 1211 + -12?
1166
In base 11, what is 111 - -96?
1a7
In base 6, what is 5 + 112340?
112345
In base 6, what is 312 - 11?
301
In base 5, what is -10 + -1334403?
-1334413
In base 12, what is 130 - -2a?
15a
In base 2, what is 10100111 - -1100001?
100001000
In base 13, what is cca + 126?
1123
In base 10, what is -11 - -267636?
267625
In base 12, what is 3a3 + 106?
4a9
In base 10, what is -316 - 5?
-321
In base 14, what is -3 + -a6785?
-a6788
In base 4, what is 103200102 - 23?
103200013
In base 9, what is -882 + -402?
-1384
In base 9, what is 61807 - -17?
61825
In base 6, what is -3 + 30445515?
30445512
In base 3, what is 211101 - -220?
212021
In base 6, what is -233 - -231?
-2
In base 5, what is -440 + -4244?
-10234
In base 16, what is -1b541 + 2?
-1b53f
In base 4, what is -33030330 + -2?
-33030332
In base 7, what is 2 - -66224?
66226
In base 10, what is 69 + -665?
-596
In base 8, what is 112360 - -4?
112364
In base 12, what is 5 - 105098?
-105093
In base 15, what is 5 - b92d6?
-b92d1
In base 3, what is 10 + -11212000?
-11211220
In base 13, what is -236 - -2a2?
69
In base 6, what is -1302404 - -1?
-1302403
In base 12, what is b2 - -6a98?
6b8a
In base 13, what is 58c8 - 56?
5872
In base 7, what is 3 + 63366?
63402
In base 13, what is -572 + aa?
-495
In base 11, what is 50 - 154a?
-14aa
In base 9, what is 3657167 - -4?
3657172
In base 9, what is 514 + 24?
538
In base 8, what is 1364 + -2053?
-467
In base 11, what is 147 - 4554?
-4408
In base 6, what is -213 + -43?
-300
In base 2, what is -1000101111 - -100001000?
-100100111
In base 12, what is 13 + -1382?
-136b
In base 6, what is -2 + 243352?
243350
In base 14, what is -59 + 430?
3b5
In base 11, what is 41 - 2057?
-2016
In base 3, what is -101 + -22101211022?
-22101211200
In base 7, what is -1466 - 21?
-1520
In base 2, what is 11000111001101 + -100?
11000111001001
In base 14, what is -206 + 4843?
463b
In base 14, what is 21cc2 - 2?
21cc0
In base 2, what is -100000 + 110111100?
110011100
In base 7, what is -2435 + 26?
-2406
In base 8, what is 2636367 + -1?
2636366
In base 6, what is 11452045 + 1?
11452050
In base 12, what is -1068 - -7?
-1061
In base 15, what is -418 + -4?
-41c
In base 15, what is -349 - 4eb?
-845
In base 13, what is -5 - -1c924?
1c91c
In base 8, what is 32767 - 0?
32767
In base 7, what is 2 - -15022553?
15022555
In base 4, what is 33231 + 22033?
121330
In base 2, what is -101000001110001 + -111101?
-101000010101110
In base 12, what is -88a9 - 4?
-88b1
In base 6, what is -40411 - -12?
-40355
In base 8, what is -24 + -11303?
-11327
In base 9, what is -2 - -17830?
17827
In base 8, what is 135105 - -4?
135111
In base 2, what is 11100010111 - 1011?
11100001100
In base 8, what is 3132654 - -3?
3132657
In base 8, what is 76 - -1104?
1202
In base 11, what is -1993 - -2361?
479
In base 13, what is -397c + 35?
-3947
In base 11, what is 537 - 31?
506
In base 9, what is -420535 - 0?
-420535
In base 3, what is 10201011 + 100121?
11001202
In base 11, what is -6242 + 6?
-6237
In base 7, what is -1 + -110065?
-110066
In base 7, what is -34 - 404?
-441
In base 16, what is -112 + -101?
-213
In base 8, what is -166 - 266?
-454
In base 16, what is -44 + -181?
-1c5
In base 15, what is 876 - -5?
87b
In base 14, what is 10749 - -5?
10750
In base 10, what is 95 - 1667?
-1572
In base 14, what is 47bb - a?
47b1
In base 5, what is -203 + -13100033?
-13100241
In base 4, what is -121 - -100222?
100101
In base 11, what is 356481 + -5?
356477
In base 10, what is -94 + -1232?
-1326
In base 8, what is 746 + 121?
1067
In base 11, what is -3 - 4268?
-4270
In base 13, what is -3 - 3645?
-3648
In base 16, what is -9437 - 4?
-943b
In base 10, what is 140016 + -12?
140004
In base 2, what is 1110101011 - -100100100?
10011001111
In base 4, what is -11 + -331232023?
-331232100
In base 11, what is -13 + 9458?
9445
In base 15, what is 13 - c00?
-bdc
In base 15, what is -416 + 0?
-416
In base 2, what is -1001110110 + -1100?
-1010000010
In base 3, what is -120112210 + 10121?
-120102012
In base 7, what is 1026044 - 1?
1026043
In base 12, what is -a29 + 180?
-869
In base 11, what is -a - 196831?
-196840
In base 13, what is 549b6 + 7?
549c0
In base 7, what is -3134 - -216?
-2615
In base 9, what is 140 + -761?
-621
In base 7, what is 5 - -163334?
163342
In base 14, what is 582 - 22?
560
In base 16, what is -54a + -1f?
-569
In base 16, what is -38c - -307?
-85
In base 13, what is 2c - 3ab?
-37c
In base 13, what is -161 - -1cb8?
1b57
In base 7, what is 21153 + 61?
21244
In base 11, what is -17 + -49a?
-506
In base 13, what is -50c67 + 0?
-50c67
In base 13, what is 10 - -2401?
2411
In base 2, what is -1011 - -111010010111?
111010001100
In base 8, what is 4 + 2535454?
2535460
In base 2, what is -1010110001 - -1001100001?
-1010000
In base 4, what is 0 - 3212231?
-3212231
In base 12, what is -5 - -3a5?
3a0
In base 8, what is -225024 - 17?
-225043
In base 15, what is -135 + -4b?
-181
In base 5, what is 2 - -244120?
244122
In base 13, what is 135b - 42?
1319
In base 11, what is 530 - 419?
112
In base 10, what is -199 + 11?
-188
In base 4, what is 3223 - -133?
10022
In base 9, what is -27212 + 215?
-26886
In base 10, what is 3727 + -13?
3714
In base 12, what is -829 - -1b?
-80a
In base 9, what is -4756 - -2847?
-1808
In base 14, what is 23c - 22b0?
-2072
In base 4, what is 1013220 + 12?
1013232
In base 12, what is 2 + -781b?
-7819
In base 13, what is 1 + -6425?
-6424
In base 10, what is 17 - 7885?
-7868
In base 16, what is -2 + 2f418?
2f416
In base 16, what is -23b - 8b3?
-aee
In base 14, what is -b71980 + -2?
-b71982
In base 15, what is 4691 + a?
469b
In base 10, what is 1347921 - -1?
1347922
In base 10, what is 351 - -574?
925
In base 5, what is -101 + 4300?
4144
In base 2, what is 10100 + -10111010?
-10100110
In base 3, what is -221022100010 - 22?
-221022100102
In base 8, what is 3 + -1421422?
-1421417
In base 3, what is -100222 + -1112?
-102111
In base 12, what is 4 - 174656?
-174652
In base 13, what is 144525 + 3?
144528
In base 12, what is 6a89 - -36?
6b03
In base 9, what is 3072 - 11?
3061
In base 14, what is 86c2d - -2?
86c31
In base 7, what is -616 - -103242?
102323
In base 14, what is -3 + 23b?
238
In base 2, what is -1000110011010000 + -101?
-1000110011010101
In base 13, what is -2 - 2093?
-2095
In base 9, what is -1 - 17463?
-17464
In base 11, what is 13955 + -4?
13951
In base 7, what is -133646 - -21?
-133625
In base 9, what is -28267 - 12?
-28280
In base 16, what is -1 - -77e4?
77e3
In base 10, what is 2952 + 5?
2957
In base 3, what is -11012101 + -11120?
-11100221
In base 8, what is -513 + 160?
-333
In base 3, what is -2222 + 2010021?
2000022
In base 16, what is 8 + -3f62f?
-3f627
In base 4, what is -3022 - 31320?
-101002
In base 8, what is -24653 - -5?
-24646
In base 16, what is 0 - -3072?
3072
In base 14, what is -7 - -15398?
15391
In base 10, what is 0 - 11295?
-11295
In base 10, what is 30 - 2807?
-2777
In base 13, what is 14c + -243?
-c4
In base 12, what is 1a - 1bba?
-1ba0
In base 14, what is -30a + -1b?
-327
In base 2, what is 100001011 - 1000010111101?
-111110110010
In base 6, what is -22 + 1404002?
1403540
In base 10, what is -83647 - -6?
-83641
In base 15, what is 6e1 - 5c?
684
In base 3, what is 111002012 - 201?
111001111
In base 16, 